 s*z = 14 + 16. What is t(x)?
-28
Let y(g) = g**3 + 4*g**2 + 2*g - 2. Let f be y(-2). Let j(k) = -2*k + f*k + 2*k - 9 - 7*k. Let h(w) = 4*w + 9. Let q(x) = -4*h(x) - 3*j(x). Determine q(0).
-9
Let s(c) be the second derivative of 1/3*c**3 + 11 - 7/2*c**2 - c + 1/2*c**4 + 1/20*c**5. Calculate s(-5).
8
Let v(t) = -2*t. Let g = 231 - 96. Let s be g/(-30)*(-2)/3. Suppose -s*m = -0 + 3. Determine v(m).
2
Let m(d) = -13*d + 76. Let j(y) = -36*y + 228. Let i(b) = -3*j(b) + 8*m(b). Determine i(24).
20
Let j(c) = -41 + c**2 - 2*c - 16*c + 81 + 2 - 5*c. Calculate j(24).
66
Let p(v) = -41 - 48 - 3*v**2 + 84 - v**2 - 5*v + 2*v**2. Give p(0).
-5
Let t(j) = -j - 2. Suppose -37 = 4*f + 19. Let w be (-12)/84 - 114/f. Let q be -6 + w/12*-3 + 2. Give t(q).
4
Let z(p) = -p**3 - 34*p**2 - 75*p - 343. Let m be z(-32). Let j(g) = g**3 - 9*g**2 + 3*g - 27. Give j(m).
0
Suppose 2*w - t + 9 = 0, -t + 63 - 56 = 0. Let s(q) = -44*q - 10. Calculate s(w).
34
Let q = 1529 - 10377. Let t be q/(-80) - (-4)/10. Let i = t + -113. Let o(j) = -4*j - 3. Give o(i).
5
Suppose -5*n - 21 + 1 = 0. Let z be (n - -2)/2*5. Let f(h) be the third derivative of h**4/8 - h**3/2 + 21*h**2. Give f(z).
-18
Let n(x) = -5*x**3 - x**2 - 1. Let q(i) = 6*i**3 + i**2 + 2. Let p(a) = 7*n(a) + 6*q(a). Let r be (-1 - -1)/(((-27)/36)/((-6)/(-16))). Determine p(r).
5
Let w(d) = d**3 + 20*d**2 + d + 59. Let v(q) = q**3 + 19*q**2 - 6*q + 55. Let j(g) = 5*v(g) - 4*w(g). Determine j(-17).
39
Let l(s) be the third derivative of -s**8/20160 + s**7/2520 + s**6/240 - 33*s**5/20 - 49*s**2. Let t(j) be the third derivative of l(j). What is t(-2)?
-5
Let x = -23 - -30. Let i(p) = -40 + 22 + x*p**2 + 5*p + p**3 + 18. Determine i(-6).
6
Let r(q) = 0 - 7*q - q - q + 6*q + 13. Give r(4).
1
Let r(x) = 84*x + 83*x - 12 + 92*x - 255*x. What is r(6)?
12
Suppose -503*i + 559*i - 448 = 0. Let t(y) be the third derivative of -i*y**2 + 1/6*y**4 + 1/6*y**3 + 0 + 0*y. Calculate t(6).
25
Let a(z) = -27*z + 10. Let s(x) = -12*x + 1. Let w(n) = 3*a(n) - 9*s(n). What is w(-1)?
-6
Let a = 4675 + -4689. Let o(i) = i + 1. Calculate o(a).
-13
Let w = -16 - -9. Let q(p) = p**3 + 10*p**2 - 9*p + 14. Let h(c) = c**2 - 2*c + 1. Let b(r) = 4*h(r) - q(r). Calculate b(w).
32
Let i(d) = 15*d**2 - 91*d + 10. Let l = -2299 - -2305. Give i(l).
4
Let j(z) = -z**2 - 8*z + 7. Let n be j(-8). Let f be 4/(-14) - (-2)/n. Let r(q) be the first derivative of q**3/3 + q**2/2 + 7*q - 1254. Give r(f).
7
Let z(y) = -3*y + 3. Let x = 776 + -338. Let i = -435 + x. Determine z(i).
-6
Let v(b) = 52*b**2 + 56*b - 80. Let d(o) = 37*o**2 + 38*o - 52. Let j(k) = -7*d(k) + 5*v(k). Calculate j(-17).
15
Let y(v) be the third derivative of 0 + 124*v**2 + 1/40*v**6 + 0*v + 1/6*v**3 - 1/24*v**4 - 1/20*v**5. Calculate y(-2).
-33
Let y(g) = g**3 + 13*g**2 + 10*g - 17. Suppose -5*j - 4*f - 40 = 0, -j = 3*j + f + 43. Determine y(j).
7
Let n(o) = -o**2 - o + 1. Let r(s) = 5*s**2 + 9*s + 1. Suppose 0 = -w + 3, -p = 2*p - 2*w - 12. Let x(a) = p*n(a) + r(a). Determine x(6).
-11
Let q(a) = -112*a + 88. Let u(h) = -61*h + 46. Let g(v) = 6*q(v) - 11*u(v). Give g(-10).
32
Suppose -5*a - 2*l = 2, 6*l - l = -2*a - 5. Suppose 2*f + 3*f - 35 = a. Let k(u) = u**2 - 6*u + 8. Determine k(f).
15
Let z(s) be the second derivative of -s**4/6 + 14*s**3/3 + 14*s**2 - 955*s. What is z(15)?
-2
Suppose -u + 2*s - 5 = 0, 65 = -5*u - 70*s + 72*s. Let p(l) = -3*l - 21. What is p(u)?
24
Let s(g) = -g. Let l(k) = 2*k + 1. Suppose -25 = -7*c + 17. Let i(y) = c*s(y) - l(y). Let x be -3 - (-31)/11 - 120/66. Determine i(x).
15
Let g be -2*(17 + 333/(-18)). Let t(i) be the third derivative of 0 + 1/8*i**4 + 28*i**2 + 1/3*i**g + 0*i. What is t(-5)?
-13
Let z(i) = 4*i + 5*i**2 - 2*i**2 + 9 - 7 - i. Let g = -30 - -23. Let s(y) = -2*y**3 - 15*y**2 - 7*y - 2. Let k be s(g). Calculate z(k).
8
Let p(q) be the third derivative of 7/30*q**5 + 1/120*q**6 + 0 + 13/24*q**4 + 64*q**2 - 1/6*q**3 + 0*q. What is p(-13)?
-1
Let z(u) = -222835*u**2 + 133 + 111417*u**2 + 111417*u**2 + 23*u. Give z(-5).
-7
Suppose -4*z + 20 = -4*l, -10 = -2*z + l + 2*l. Let p(t) be the second derivative of t**3/6 + t**2/2 + 1905*t. What is p(z)?
6
Suppose -386 + 10 = -78*f + 14. Let v(z) = -2*z**2 + 3*z + 12. Give v(f).
-23
Let d(l) = 19875339*l**2 - 19875329*l**2 - 4 - l**3 - 3. Let m be 2 - 5/(5/2). Suppose 0 = 5*r - m - 50. What is d(r)?
-7
Let p be 3/6*0/(-2). Suppose 5 = -p*i - i. Let u(j) be the first derivative of -j**4/4 - 4*j**3/3 + 2*j**2 + j + 48359. Determine u(i).
6
Let t(k) = -3*k - 2*k**2 + 3*k**2 + 953 - 950. Suppose -u + 5 = 2. Calculate t(u).
3
Let a(o) be the third derivative of -o**5/60 - 17*o**4/24 + 7*o**3/3 + 2*o**2 + 199. What is a(-11)?
80
Let m(i) = -22*i**2 - 12*i + 4*i + 1 - i - 6 - 5. Determine m(-1).
-23
Let n(g) = 21*g**2 - 56*g - g**3 - 107*g - 19 + 144*g. Determine n(20).
1
Suppose 1 = y, -i + y - 6*y + 3 = 0. Let h be (i/10 - -1)*(-60)/8. Let a be (-64)/96 + (-16)/h. Let w(z) = -z**2 - z + 1. Give w(a).
-5
Let x(i) be the second derivative of i**7/420 + i**6/72 + i**5/30 - i**4/24 + 28*i**3/3 - 109*i + 1. Let p(k) be the second derivative of x(k). Calculate p(-3).
-22
Let o be (5 - 78/15)/((-2)/(-30)). Let u(p) = -6*p**3 - 20*p**2 - 3*p + 9. Calculate u(o).
0
Let z be (2/(-10)*(-20)/(-8))/((-26)/(-260)). Let f(q) be the first derivative of -q**2/2 + 3*q + 1. What is f(z)?
8
Let x(t) be the third derivative of t**5/60 - 4*t**2. Let v = 84 - 45. Let r be ((-24)/v)/(-4) - 75/65. Calculate x(r).
1
Let t(s) be the first derivative of 2*s**4 - 4*s**3/3 - 3*s**2/2 - 2*s - 629. Give t(-2).
-76
Let i(d) = 4*d + 30. Suppose -106*s = -109*s - h - 30, -6 = s - h. Determine i(s).
-6
Let l(h) = h**3 - 4*h**2 - 6. Let a be l(7). Suppose 13*i = 50 - a. Let w(x) = x - 3. Let u(j) = -2*j + 5. Let g(q) = 6*u(q) + 11*w(q). Give g(i).
4
Suppose 75 = -c + 4*c - 3*t, -5*t - 5 = 0. Suppose 4*x - 4 + c = 0. Let f(g) = -g - 5. Let h(l) = -3*l - 14. Let v(s) = 17*f(s) - 6*h(s). Give v(x).
-6
Let n(m) = 8*m - 202. Let j(x) = -x - 4. Let w(k) = 4*j(k) - n(k). Calculate w(15).
6
Let v(x) be the third derivative of x**4/24 - 44*x**2. Let w(n) = -5*n - 5. Let i(l) = -4*v(l) - w(l). What is i(5)?
10
Suppose 850 = 61*n - 66*n. Let b = n + 161. Let z(p) = p**2 + 11*p + 11. Give z(b).
-7
Let n(o) be the first derivative of 0*o**2 - 1/120*o**5 + 9 + 1/24*o**4 - 2/3*o**3 + 0*o. Let w(a) be the third derivative of n(a). Determine w(4).
-3
Suppose 135*t = 138*t + 888. Let i = t + 297. Let o(a) = -10*a**2 + 1. Give o(i).
-9
Suppose -11*w - 9 = 13. Let c = -2 + w. Let t(k) = -k**3 + 5*k**2 - 3*k + 7. Let a(z) = z**3 - z**2 + z - 1. Let m(x) = -2*a(x) - t(x). What is m(c)?
7
Let z be 4/8 - 15/2. Let n(v) be the third derivative of 1/60*v**5 - 10*v**2 + 0*v + 0 - 1/2*v**3 + 1/6*v**4. Calculate n(z).
18
Suppose -54*c + 60*c - 6 = 0. Let j be (-4 + 4)/(c + -3). Let p(o) = o**3 + o**2 - o - 27. Calculate p(j).
-27
Let f(g) = -102*g - 7141. Let s be f(-70). Let r(a) = -59*a - 1. Give r(s).
58
Suppose 18*u - 22 = 3*a + 14*u, 0 = 5*a + u + 6. Let b(d) = -13*d - 30. Give b(a).
-4
Let h(r) = r**3 + r**2 - 2*r + 1. Let z be (9/4)/((-13)/52). Let y be (3 - 60/16) + z/4. What is h(y)?
-11
Let h(j) = j**3 - 6*j**2 - 11*j - 3. Let u = 511 + -506. Suppose 0 = u*k + p - 44, 22*p - 16 = -k + 20*p. Determine h(k).
37
Let k = 285 - 283. Let z(u) = 3 + 0 + 379*u - 3 - 376*u + k*u**2. Suppose 2*w - 5*p = 6, 4*w + 0*p = p - 6. Determine z(w).
2
Let x(o) = 12*o - 22. Let n be 5264/476 + 3/(-51). What is x(n)?
110
Let z(r) be the second derivative of -r**5/20 - r**4/3 - 2*r**3/3 + 5*r**2/2 + 6142*r. Give z(-3).
8
Let t(r) = 7*r**2 + 17*r - 7. Let x(l) = l**2 - 1. Let n(f) = t(f) - 6*x(f). Let d = 1164 - 1181. Calculate n(d).
-1
Let q(u) = -u - 6. Let j = -85 - -111. Let p be (-104)/j*(-6)/8*-2. Determine q(p).
0
Let i(d) = 40 - 19 - 22. Let v(z) = -6 - z + 4 - 5 + 4. Let x(q) = -3*i(q) + v(q). Calculate x(-4).
4
Let u(z) = 6*z + 52. Let b(v) = -3*v**2 - 66*v + 1349. Let k be b(13). Determine u(k).
-44
Let w(p) = -p**3 + 2*p**2 + 3*p + 3. Let m(i) = i**2 + 2*i - 63. Let s be m(7). Suppose s = -2*g - 4*l + 18, 3*g + l + 2*l - 18 = 0. Calculate w(g).
3
Let g(t) = -2*t**3 - 25*t**2 + 26*t + 10. Let a(v) = -3*v**3 - 51*v**2 + 52*v + 22. Let m(x) = -3*a(x) + 5*g(x). Calculate m(2